 divided by 67.
1
Calculate the remainder when 402 is divided by 131.
9
What is the remainder when 1176 is divided by 577?
22
What is the remainder when 34 is divided by 21?
13
Calculate the remainder when 681 is divided by 136.
1
What is the remainder when 370 is divided by 5?
0
What is the remainder when 189 is divided by 97?
92
What is the remainder when 4245 is divided by 18?
15
What is the remainder when 4031 is divided by 447?
8
Calculate the remainder when 123 is divided by 12.
3
What is the remainder when 5343 is divided by 3?
0
Calculate the remainder when 4844 is divided by 85.
84
What is the remainder when 9449 is divided by 22?
11
What is the remainder when 86 is divided by 44?
42
What is the remainder when 45 is divided by 4?
1
Calculate the remainder when 100 is divided by 53.
47
What is the remainder when 861 is divided by 30?
21
Calculate the remainder when 1970 is divided by 20.
10
Calculate the remainder when 651 is divided by 260.
131
Calculate the remainder when 115 is divided by 61.
54
Calculate the remainder when 550 is divided by 536.
14
What is the remainder when 433 is divided by 15?
13
Calculate the remainder when 898 is divided by 444.
10
What is the remainder when 855 is divided by 108?
99
Calculate the remainder when 296 is divided by 32.
8
What is the remainder when 1877 is divided by 65?
57
What is the remainder when 14 is divided by 8?
6
What is the remainder when 1614 is divided by 95?
94
What is the remainder when 126 is divided by 122?
4
Calculate the remainder when 19 is divided by 19.
0
Calculate the remainder when 444 is divided by 64.
60
Calculate the remainder when 666 is divided by 188.
102
Calculate the remainder when 210 is divided by 104.
2
Calculate the remainder when 99 is divided by 54.
45
What is the remainder when 242 is divided by 15?
2
Calculate the remainder when 133 is divided by 27.
25
Calculate the remainder when 36 is divided by 27.
9
Calculate the remainder when 765 is divided by 32.
29
Calculate the remainder when 568 is divided by 73.
57
What is the remainder when 482 is divided by 116?
18
What is the remainder when 53 is divided by 16?
5
Calculate the remainder when 254 is divided by 140.
114
Calculate the remainder when 68 is divided by 25.
18
What is the remainder when 120 is divided by 19?
6
Calculate the remainder when 133 is divided by 75.
58
What is the remainder when 536 is divided by 90?
86
What is the remainder when 7052 is divided by 5?
2
What is the remainder when 241 is divided by 122?
119
What is the remainder when 178 is divided by 56?
10
What is the remainder when 561 is divided by 221?
119
What is the remainder when 410 is divided by 134?
8
Calculate the remainder when 20 is divided by 8.
4
What is the remainder when 304 is divided by 34?
32
What is the remainder when 160 is divided by 27?
25
What is the remainder when 7389 is divided by 231?
228
Calculate the remainder when 193 is divided by 8.
1
Calculate the remainder when 1024 is divided by 205.
204
What is the remainder when 49 is divided by 1?
0
What is the remainder when 583 is divided by 13?
11
What is the remainder when 44 is divided by 15?
14
Calculate the remainder when 297 is divided by 50.
47
What is the remainder when 841 is divided by 18?
13
What is the remainder when 51 is divided by 13?
12
Calculate the remainder when 1286 is divided by 85.
11
Calculate the remainder when 77 is divided by 38.
1
Calculate the remainder when 760 is divided by 127.
125
Calculate the remainder when 2849 is divided by 9.
5
What is the remainder when 2312 is divided by 5?
2
What is the remainder when 343 is divided by 85?
3
Calculate the remainder when 117 is divided by 20.
17
What is the remainder when 70 is divided by 16?
6
What is the remainder when 817 is divided by 106?
75
What is the remainder when 123 is divided by 20?
3
What is the remainder when 216 is divided by 74?
68
What is the remainder when 697 is divided by 50?
47
What is the remainder when 347 is divided by 26?
9
What is the remainder when 809 is divided by 30?
29
Calculate the remainder when 366 is divided by 46.
44
Calculate the remainder when 90 is divided by 39.
12
Calculate the remainder when 86 is divided by 31.
24
What is the remainder when 119 is divided by 34?
17
What is the remainder when 5966 is divided by 16?
14
What is the remainder when 1105 is divided by 112?
97
What is the remainder when 303 is divided by 19?
18
Calculate the remainder when 1040 is divided by 58.
54
What is the remainder when 3767 is divided by 24?
23
What is the remainder when 244 is divided by 121?
2
What is the remainder when 3119 is divided by 136?
127
What is the remainder when 541 is divided by 16?
13
Calculate the remainder when 3589 is divided by 7.
5
Calculate the remainder when 858 is divided by 131.
72
Calculate the remainder when 434 is divided by 5.
4
Calculate the remainder when 67 is divided by 12.
7
Calculate the remainder when 30 is divided by 16.
14
Calculate the remainder when 44 is divided by 27.
17
What is the remainder when 485 is divided by 76?
29
What is the remainder when 2885 is divided by 960?
5
Calculate the remainder when 142 is divided by 52.
38
What is the remainder when 1979 is divided by 110?
109
Calculate the remainder when 102 is divided by 13.
11
Calculate the remainder when 946 is divided by 79.
77
Calculate the remainder when 10212 is divided by 227.
224
Calculate the remainder when 8403 is divided by 145.
138
What is the remainder when 1654 is divided by 151?
144
Calculate the remainder when 321 is divided by 124.
73
Calculate the remainder when 597 is divided by 100.
97
Calculate the remainder when 273 is divided by 23.
20
Calculate the remainder when 110 is divided by 15.
5
What is the remainder when 4438 is divided by 8?
6
What is the remainder when 1429 is divided by 26?
25
Calculate the remainder when 87 is divided by 44.
43
Calculate the remainder when 63 is divided by 59.
4
What is the remainder when 224 is divided by 108?
8
Calculate the remainder when 1113 is divided by 125.
113
Calculate the remainder when 58 is divided by 26.
6
Calculate the remainder when 96 is divided by 11.
8
Calculate the remainder when 409 is divided by 136.
1
What is the remainder when 1299 is divided by 26?
25
Calculate the remainder when 29 is divided by 12.
5
What is the remainder when 7025 is divided by 4?
1
Calculate the remainder when 6271 is divided by 9.
7
Calculate the remainder when 23555 is divided by 39.
38
What is the remainder when 198 is divided by 12?
6
What is the remainder when 548 is divided by 36?
8
Calculate the remainder when 53 is divided by 31.
22
Calculate the remainder when 551 is divided by 152.
95
What is the remainder when 405 is divided by 24?
21
Calculate the remainder when 43 is divided by 33.
10
Calculate the remainder when 215 is divided by 28.
19
What is the remainder when 117 is divided by 30?
27
Calculate the remainder when 958 is divided by 121.
111
Calculate the remainder when 571 is divided by 190.
1
What is the remainder when 92 is divided by 19?
16
Calculate the remainder when 812 is divided by 404.
4
What is the remainder when 155 is divided by 51?
2
What is the remainder when 373 is divided by 94?
91
Calculate the remainder when 1517 is divided by 46.
45
Calculate the remainder when 106 is divided by 4.
2
What is the remainder when 131 is divided by 19?
17
Calculate the remainder when 2951 is divided by 72.
71
What is the remainder when 331 is divided by 36?
7
What is the remainder when 307 is divided by 26?
21
What is the remainder when 441 is divided by 437?
4
Calculate the remainder when 408 is divided by 316.
92
What is the remainder when 148 is divided by 33?
16
What is the remainder when 1016 is divided by 51?
47
What is the remainder when 1953 is divided by 85?
83
Calculate the remainder when 1438 is divided by 96.
94
Calculate the remainder when 58012 is divided by 205.
202
What is the remainder when 511 is divided by 29?
18
What is the remainder when 154 is divided by 32?
26
What is the remainder when 835 is divided by 137?
13
Calculate the remainder when 133 is divided by 102.
31
What is the remainder when 44 is divided by 18?
8
What is the remainder when 1136 is divided by 125?
11
Calculate the 